{"id":791,"date":"2021-09-22T10:42:44","date_gmt":"2021-09-22T10:42:44","guid":{"rendered":"https:\/\/dst2022.zweiunter.de\/?page_id=791"},"modified":"2024-02-14T18:36:29","modified_gmt":"2024-02-14T18:36:29","slug":"kontakt","status":"publish","type":"page","link":"https:\/\/martin-wagener.org\/index.php\/kontakt\/","title":{"rendered":"Kontakt"},"content":{"rendered":"\t\t<div data-elementor-type=\"wp-page\" data-elementor-id=\"791\" class=\"elementor elementor-791\" data-elementor-post-type=\"page\">\n\t\t\t\t\t\t<section class=\"elementor-section elementor-top-section elementor-element elementor-element-48f479b9 elementor-section-content-middle elementor-section-boxed elementor-section-height-default elementor-section-height-default\" data-id=\"48f479b9\" data-element_type=\"section\">\n\t\t\t\t\t\t<div class=\"elementor-container elementor-column-gap-no\">\n\t\t\t\t\t<div class=\"elementor-column elementor-col-100 elementor-top-column elementor-element elementor-element-682de76a\" data-id=\"682de76a\" data-element_type=\"column\">\n\t\t\t<div class=\"elementor-widget-wrap elementor-element-populated\">\n\t\t\t\t\t\t<div class=\"elementor-element elementor-element-4e41ad1c elementor-widget elementor-widget-heading\" data-id=\"4e41ad1c\" data-element_type=\"widget\" data-widget_type=\"heading.default\">\n\t\t\t\t<div class=\"elementor-widget-container\">\n\t\t\t\t\t<h4 class=\"elementor-heading-title elementor-size-default\">Kontakt<\/h4>\t\t\t\t<\/div>\n\t\t\t\t<\/div>\n\t\t\t\t<section class=\"elementor-section elementor-inner-section elementor-element elementor-element-347323e5 elementor-section-content-middle elementor-section-boxed elementor-section-height-default elementor-section-height-default\" data-id=\"347323e5\" data-element_type=\"section\">\n\t\t\t\t\t\t<div class=\"elementor-container elementor-column-gap-no\">\n\t\t\t\t\t<div class=\"elementor-column elementor-col-100 elementor-inner-column elementor-element elementor-element-19ac475d\" data-id=\"19ac475d\" data-element_type=\"column\">\n\t\t\t<div class=\"elementor-widget-wrap elementor-element-populated\">\n\t\t\t\t\t\t<div class=\"elementor-element elementor-element-73136df2 elementor-widget elementor-widget-heading\" data-id=\"73136df2\" data-element_type=\"widget\" data-widget_type=\"heading.default\">\n\t\t\t\t<div class=\"elementor-widget-container\">\n\t\t\t\t\t<p class=\"elementor-heading-title elementor-size-default\">Prof. Dr. Martin Wagener<br><br>\nProfessur f\u00fcr Politikwissenschaft mit dem <br><br>\nSchwerpunkt Internationale Politik und Sicherheitspolitik<br><br>\nHochschule des Bundes f\u00fcr \u00f6ffentliche Verwaltung<br><br>\nPostfach 40527 <br><br>\n10063 Berlin\n<\/p>\t\t\t\t<\/div>\n\t\t\t\t<\/div>\n\t\t\t\t\t<\/div>\n\t\t<\/div>\n\t\t\t\t\t<\/div>\n\t\t<\/section>\n\t\t\t\t\t<\/div>\n\t\t<\/div>\n\t\t\t\t\t<\/div>\n\t\t<\/section>\n\t\t\t\t<\/div>\n\t\t","protected":false},"excerpt":{"rendered":"<p>Kontakt Prof. Dr. Martin Wagener Professur f\u00fcr Politikwissenschaft mit dem Schwerpunkt Internationale Politik und Sicherheitspolitik Hochschule des Bundes f\u00fcr \u00f6ffentliche Verwaltung Postfach 40527 10063 Berlin<\/p>\n","protected":false},"author":1,"featured_media":0,"parent":0,"menu_order":0,"comment_status":"closed","ping_status":"closed","template":"elementor_header_footer","meta":{"footnotes":""},"class_list":["post-791","page","type-page","status-publish","hentry"],"_links":{"self":[{"href":"https:\/\/martin-wagener.org\/index.php\/wp-json\/wp\/v2\/pages\/791","targetHints":{"allow":["GET"]}}],"collection":[{"href":"https:\/\/martin-wagener.org\/index.php\/wp-json\/wp\/v2\/pages"}],"about":[{"href":"https:\/\/martin-wagener.org\/index.php\/wp-json\/wp\/v2\/types\/page"}],"author":[{"embeddable":true,"href":"https:\/\/martin-wagener.org\/index.php\/wp-json\/wp\/v2\/users\/1"}],"replies":[{"embeddable":true,"href":"https:\/\/martin-wagener.org\/index.php\/wp-json\/wp\/v2\/comments?post=791"}],"version-history":[{"count":112,"href":"https:\/\/martin-wagener.org\/index.php\/wp-json\/wp\/v2\/pages\/791\/revisions"}],"predecessor-version":[{"id":3095,"href":"https:\/\/martin-wagener.org\/index.php\/wp-json\/wp\/v2\/pages\/791\/revisions\/3095"}],"wp:attachment":[{"href":"https:\/\/martin-wagener.org\/index.php\/wp-json\/wp\/v2\/media?parent=791"}],"curies":[{"name":"wp","href":"https:\/\/api.w.org\/{rel}","templated":true}]}}